t is -7 - -63c6?
63bc
In base 10, what is -46 + 4185?
4139
In base 7, what is -342 - 365?
-1040
In base 2, what is 0 + -10101011111110?
-10101011111110
In base 13, what is -1 - 4506?
-4507
In base 13, what is -1 - -20790?
2078c
In base 6, what is 13232 - 503?
12325
In base 15, what is -38 + -48?
-81
In base 12, what is -4 + 5987?
5983
In base 11, what is 3 + -28a429?
-28a426
In base 10, what is -110 - 21?
-131
In base 14, what is -3948 + -154?
-3a9c
In base 10, what is 44 + 8?
52
In base 10, what is -20148 - 2?
-20150
In base 13, what is -16c09 + 4?
-16c05
In base 3, what is -12 + -101120020?
-101120102
In base 6, what is -135010310 - 2?
-135010312
In base 8, what is 2266 - 52?
2214
In base 16, what is 20 - 240a?
-23ea
In base 13, what is -5b4 - -54?
-560
In base 3, what is 2 + 201200010?
201200012
In base 12, what is 462 + -13a?
324
In base 13, what is a2 + -26?
79
In base 2, what is 1001 + -101000010000001?
-101000001111000
In base 10, what is -10557 - -1?
-10556
In base 16, what is -8b0 - 3?
-8b3
In base 6, what is -2 - -133050?
133044
In base 9, what is -2482 - 16?
-2508
In base 9, what is 2 + -2775173?
-2775171
In base 2, what is 101000001 - -1011110010010?
1100011010011
In base 10, what is 12 - -5540?
5552
In base 7, what is 5 + 155403?
155411
In base 10, what is -75690 + 4?
-75686
In base 16, what is -38 - 3aa?
-3e2
In base 15, what is -161e4 - -4?
-161e0
In base 7, what is 16664564 + 5?
16664602
In base 14, what is 434 + 74?
4a8
In base 8, what is -24023 - 2?
-24025
In base 6, what is -11 - -1252140?
1252125
In base 9, what is 15542 - 0?
15542
In base 13, what is 368 + 4141?
44a9
In base 11, what is 3 - 43786?
-43783
In base 12, what is 2 + 7147?
7149
In base 10, what is 34430 + -21?
34409
In base 6, what is -34 - -51313?
51235
In base 13, what is -c + -325b3?
-325c2
In base 10, what is 56 - -29?
85
In base 2, what is 1000001111 + 111011?
1001001010
In base 16, what is -1cd7e + -3?
-1cd81
In base 9, what is 32710 + -15?
32684
In base 5, what is 22 + 1103124?
1103201
In base 3, what is 1202122 - -1102?
1211001
In base 13, what is 18 - -1291?
12a9
In base 14, what is 345aad + -3?
345aaa
In base 4, what is -10 - -1003130?
1003120
In base 12, what is -20aa - -17?
-2093
In base 5, what is 100 - -1202123?
1202223
In base 4, what is -10233 + 30230?
13331
In base 6, what is 204435 - 231?
204204
In base 9, what is 4 - 23432?
-23427
In base 6, what is 52230 - 220?
52010
In base 6, what is 4153303 + -2?
4153301
In base 13, what is -2c9 - 3b?
-337
In base 12, what is 2497 + -2?
2495
In base 15, what is 17e8 + -11?
17d7
In base 5, what is 144 - -322424?
323123
In base 14, what is 26 - 8?
1c
In base 10, what is 1 + 50800?
50801
In base 2, what is 11 + 11000000111000?
11000000111011
In base 11, what is 190 + -22a7?
-2117
In base 14, what is -35bd1 + -6?
-35bd7
In base 5, what is 10041004 - -1?
10041010
In base 3, what is -22102001 - 11021?
-22120022
In base 9, what is -22414 - 4?
-22418
In base 10, what is -11990 - 24?
-12014
In base 12, what is 15 + 35761?
35776
In base 10, what is -38 + 11185?
11147
In base 3, what is 112210021 + 102?
112210200
In base 15, what is -e31 - 1?
-e32
In base 12, what is 3565 + -392?
3193
In base 9, what is 12 - -706?
718
In base 3, what is 1010202101 + -12?
1010202012
In base 16, what is -3 - -ae3?
ae0
In base 5, what is -22302231 - 2?
-22302233
In base 9, what is 20 + -2283?
-2263
In base 15, what is -2d - 47c1?
-47ee
In base 16, what is -71 + d1?
60
In base 15, what is -351 + 34b?
-5
In base 13, what is -2b984 - 1?
-2b985
In base 16, what is -1 + 55379?
55378
In base 8, what is 16302 - 11?
16271
In base 8, what is -2230 - 51?
-2301
In base 7, what is 0 + 3145524?
3145524
In base 11, what is -111522 - -1?
-111521
In base 13, what is c57 - 5?
c52
In base 8, what is -22 + 17741?
17717
In base 3, what is -220 + 10200221001?
10200220011
In base 10, what is 2549 - -112?
2661
In base 9, what is 1271383 - 0?
1271383
In base 4, what is -311120 + -20302?
-332022
In base 9, what is 2 + 1841?
1843
In base 3, what is 111002120 - 1?
111002112
In base 2, what is -10010010010001 + 1000?
-10010010001001
In base 16, what is -14a0a + 15?
-149f5
In base 12, what is 320 + -144a?
-112a
In base 5, what is -2 + -1430000?
-1430002
In base 16, what is -5 - -165f5a?
165f55
In base 13, what is -554 + 567?
13
In base 8, what is -4 + -37362?
-37366
In base 6, what is -12 - -2214?
2202
In base 5, what is 2 - 1423134?
-1423132
In base 12, what is 2 + 39525?
39527
In base 8, what is 3 - 3012132?
-3012127
In base 10, what is 3541 - -327?
3868
In base 6, what is -1453 - 235?
-2132
In base 14, what is 2d + a12?
a41
In base 13, what is 4a2 + -133?
36c
In base 12, what is 0 + -389a?
-389a
In base 15, what is 9b777 - -2?
9b779
In base 16, what is e3 + 1b92?
1c75
In base 5, what is 2 - -13?
20
In base 3, what is -2221 - 1120112?
-1200110
In base 9, what is -250 + 212?
-37
In base 9, what is 6754104 - -4?
6754108
In base 16, what is 362d8 - -2?
362da
In base 11, what is 11030 + 8?
11038
In base 16, what is -3e6 - -72b?
345
In base 5, what is 3 - 31330311?
-31330303
In base 2, what is 111100100111110 + -101?
111100100111001
In base 11, what is 91791 - -2?
91793
In base 2, what is 1011111111 + -110110001?
101001110
In base 6, what is -401410424 - -3?
-401410421
In base 3, what is 1220212111 - 201?
1220211210
In base 3, what is -101200112202 - 10?
-101200112212
In base 6, what is 0 + -322211?
-322211
In base 9, what is 1282 - 135?
1146
In base 13, what is 5 + 100cb?
10103
In base 10, what is -21 - 5244?
-5265
In base 8, what is 57673 - -17?
57712
In base 16, what is 96 + -2?
94
In base 10, what is 109 + -305?
-196
In base 13, what is -46b236 + 0?
-46b236
In base 9, what is 15038284 - -1?
15038285
In base 5, what is 213 + 13140?
13403
In base 10, what is 20 + 1587?
1607
In base 12, what is -445b2 - 3?
-445b5
In base 13, what is -50a - 37?
-544
In base 11, what is 12 - 55291?
-5527a
In base 7, what is -15 + -43442?
-43460
In base 5, what is -30133 - -424?
-24204
In base 9, what is -240132 - -4?
-240127
In base 16, what is cc4 + 2a?
cee
In base 16, what is -2 + -3e3?
-3e5
In base 7, what is 1 - -563400?
563401
In base 9, what is 17341 + -1?
17340
In base 15, what is 1 + -285bc?
-285bb
In base 2, what is 0 + 11010010001100?
11010010001100
In base 7, what is 61141 - -44?
61215
In base 3, what is -1 + 2000112111012?
2000112111011
In base 5, what is -3130332 - -13?
-3130314
In base 4, what is -303 - -1020112?
1013203
In base 9, what is -24142 + 13?
-24128
In base 3, what is -21 - -110120?
110022
In base 7, what is -5 - -1320350?
1320342
In base 9, what is 1114530 - 4?
1114525
In base 15, what is 187 - ab?
cb
In base 14, what is 25907 + -4?
25903
In base 14, what is 94b - 11?
93a
In base 5, what is 124 + -2311334?
-2311210
In base 6, what is -10 + 100353?
100343
In base 12, what is -55 - -1b5?
160
In base 9, what is -231636 - -12?
-231624
In base 15, what is 0 + 138c16?
138c16
In base 11, what is -45 - -569?
524
In base 11, what is -4110 + 132?
-3a89
In base 7, what is 3 - 63455?
-63452
In base 14, what is 1436 - -452?
1888
In base 11, what is 483 - 136?
348
In base 11, what is 2 + -5764?
-5762
In base 10, what is 17 + 23465?
23482
In base 2, what is 100010101100010010 - -100?
100010101100010110
In base 11, what is 5 - -4239?
4243
In base 13, what is -bb6 + a?
-ba9
In base 11, what is -55674 - 3?
-55677
In base 6, what is -31 + -4100?
-4131
In base 6, what is -20 - -110?
50
In base 14, what is -102 + 663?
561
In base 12, what is 13 + 528?
53b
In base 16, what is 1ceb - -20?
1d0b
In base 13, what is -62a - -11?
-619
In base 5, what is 403432 - 2?
403430
In base 15, what is 2 - -1989d2?
1989d4
In base 12, what is -a15 - -5a?
-977
In base 13, what is 4 - -2b826?
2b82a
In base 7, what is 5116 - -410?
5526
In base 3, what is -22202221 + 102?
-22202112
In base 10, what is -20474 - -44?
-20430
In base 13, what is -4 + -7745?
-7749
In base 4, what is -30 - -31320133?
31320103
In base 10, what is 1116 + 78?
1194
In base 12, what is 19 - 16815?
-167b8
In base 5, what is -10113 + -1040?
-11203
In base 2, what is 10110010010001101 - 11?
10110010010001010
In base 3, what is 20220021 - 100?
20212221
In base 2, what is 101 + -11111111101110000?
-11111111101101011
In base 12, wha